e factors of z.
3, 47
Suppose -19*j + 21*j - 10 = 0. List the prime factors of -5*(-49 + j - 1).
3, 5
List the prime factors of (-38)/(-665) - (-63556)/70.
2, 227
Let w(t) = -12*t + 72. Let d be w(6). Let v(q) = q**3 + q**2 - 2*q + 315. List the prime factors of v(d).
3, 5, 7
Suppose 3*q - 3*o - 210 = 0, q + 5*o - 108 + 38 = 0. What are the prime factors of q?
2, 5, 7
Suppose 80*c = -5*c + 441830. List the prime factors of c.
2, 23, 113
Suppose -14*z = -13*z + 35. Let j = z + 78. List the prime factors of j.
43
Suppose -4*l + m - 9 = 0, -2*m = -0*l + 5*l + 21. Let s be 144/28 - l/(-21). Suppose -2*i + 7*i + 175 = s*g, -4*i = -g + 41. List the prime factors of g.
3, 11
Let y = 220 + 982. List the prime factors of y.
2, 601
Suppose 2*z + 16 = 6*z. Suppose 30 = -r + 5*n, n - 4*n = -3*r - 30. What are the prime factors of (-87)/r - z/10?
17
Let f(j) = 71*j + 2. Let u be f(1). Suppose u + 109 = 2*r. List the prime factors of (r/(-28))/((-2)/8).
13
Let q(t) be the third derivative of -t**6/120 - t**5/6 + t**4/3 - 5*t**3/2 - 160*t**2. Let o = -2 - 9. What are the prime factors of q(o)?
2, 3
Let a = -77 - -92. Let b = a - -6. What are the prime factors of b?
3, 7
Let o(v) = -2*v + 2. Let g be o(5). Let f = 6 + g. List the prime factors of (7/f)/(10/(-40)).
2, 7
Let h = 1 + -2. Let c be 0*h/3 + 4. Suppose -3*t + n = -43, t + c = 4*n - 0. What are the prime factors of t?
2
Suppose -3*p + 195 = -192. Let r = -76 + p. Let y = -15 + r. What are the prime factors of y?
2, 19
Suppose -2*f - 4*n = 163 - 425, 0 = 4*f + 2*n - 506. What are the prime factors of f?
5
Let o(i) = -3*i + 11. Let y be o(3). What are the prime factors of (-117)/(-4) + y/(-8)?
29
Let q be (2 - -3) + 4/(-2). Let z be 4*(-85)/10 - q. Let u = z + 115. List the prime factors of u.
2, 3, 13
Suppose 0 = -2*o - 2*o. Suppose -4*c = -2*y + 14, -4*y + o = 3*c - 17. What are the prime factors of c*2*(-9)/2?
3
Let z = 3845 - 1130. List the prime factors of z.
3, 5, 181
Suppose 5*o - 7 = 2*p + 7, p = -4*o + 19. Let v(z) = 4*z + 0*z - 8*z + o. List the prime factors of v(-7).
2
Let y(t) = -19*t + 14. Let b be y(-3). What are the prime factors of (b - 6/(-2)) + 1?
3, 5
Let u be (57/(-6))/(1/(-12)). Suppose -u = a - 2*a. Suppose -3*v = -4*i + a, 4*i = -0*v + v + 110. List the prime factors of i.
3
Let j(t) = t**3 + 9*t**2 - 3*t + 11. Suppose 2*m + 30 = -5*a, -4*m = 4*a - 5*a - 28. What are the prime factors of j(a)?
3, 11
What are the prime factors of (-10 - -14)/((-2)/(-2)) - -2592?
2, 11, 59
Let a(m) = -566*m + 3. What are the prime factors of a(-1)?
569
Let a(v) = -v**3 + 3*v**2 + 5*v. Let o be a(4). Suppose 0*j + 2*u - 2 = j, 5*j - 4*u + 28 = 0. What are the prime factors of (j/(-6))/o*51?
17
Let g(x) = -x**2 - 14*x - 5. Suppose -3*n - 15 = 2*d, -25 = 5*d - d + n. List the prime factors of g(d).
43
Suppose 3*q = 17 + 4. Suppose p - 5*y = 20, 0 = -3*y + q*y + 12. Suppose -p*s = -4*l + 15 + 134, -5*s = 25. List the prime factors of l.
31
Let b be 2 - (-4)/(4/3). Let x = -2 + b. Suppose 0 = -x*t - t + 56. What are the prime factors of t?
2, 7
Let u = 520 - 282. What are the prime factors of u?
2, 7, 17
Suppose 231 = -17*k + 3699. What are the prime factors of k?
2, 3, 17
Let a be -3 + (-4 - -136)/4. Let m = -4 - -7. Suppose -m*x + a = 3. List the prime factors of x.
3
What are the prime factors of 107/(0 + 6/42)?
7, 107
Let b(f) = -6*f + 45. List the prime factors of b(3).
3
Let i(n) = 5*n + 8*n**2 - 7*n + 8 + 6*n**2 - n**2. List the prime factors of i(-3).
131
Let x = -679 + 3004. What are the prime factors of x?
3, 5, 31
Let j(f) = 158*f**2 - 4*f - 50. List the prime factors of j(-5).
2, 5, 7
Let m be 1436/(-10) + (-6)/(-10). Let c = m - -269. Suppose 3*k = -3*k + c. List the prime factors of k.
3, 7
Let f be (-4 - 154)/(2/3 - 1). Suppose f = 2*b - 4*k, -3*k - 603 - 99 = -3*b. List the prime factors of b.
3, 7, 11
Suppose -5*u + 4*u = -5. Suppose 3*l = u*l - 120. List the prime factors of l.
2, 3, 5
Let a(s) = 19*s + 2. Let u be a(7). Let w = u + -91. List the prime factors of w.
2, 11
Let o(m) = 29*m**2 + 4. What are the prime factors of o(5)?
3
Let d(l) = -l + 4. Let j(p) = -6*p + 24. Let t(s) = 34*d(s) - 6*j(s). Let b be t(6). Suppose -v = b*v - 340. What are the prime factors of v?
2, 17
Let f(t) = -25 + 47 - 2*t + 11*t. What are the prime factors of f(-2)?
2
Let u(p) = 26*p**2 + p + 2. Let k be u(-1). What are the prime factors of k + (-2 - 8/(-4))?
3
Let s = 20 + -16. Suppose -s*t = -7*t + 72. List the prime factors of t.
2, 3
Let n(w) = 2*w + 16. Suppose 20 = -x + 6*x. Suppose -x*z - 2*i = -16, -6*z - 2*i = -5*z + 2. List the prime factors of n(z).
2, 7
Let f(g) = 95*g**2 - 1. Let q be f(1). Let k = 202 - q. Suppose -2*z - 2*z + k = 0. What are the prime factors of z?
3
What are the prime factors of (-8)/(48/(-8586)) + -1 + -5?
3, 5, 19
Let j(v) = 3*v**2 + 4*v - 15. Let b be j(-5). Suppose -3*f = b - 205. What are the prime factors of f?
5, 11
Let g(b) = b**3 + 20*b**2 + 8*b - 2 + 11*b - 5 + b**2. Suppose 14 = -d - 6. List the prime factors of g(d).
13
Suppose -4*k - p = -14, -5*k + 2*p + 12 = -3*k. Suppose k = 3*w + 2*u - 0*u, 0 = 2*w + 3*u - 1. List the prime factors of w.
2
Suppose -5*s + 51 = 5*u - 29, -15 = 5*s. Let g = 130 - u. List the prime factors of g.
3, 37
Suppose 3004 = -8*y + 11*y + 4*t, 4*t + 4052 = 4*y. List the prime factors of y.
2, 3, 7
Let u(z) = z + 1. Let g(i) = -2*i**2 + i. Let k be g(1). Let m be u(k). List the prime factors of (3 + -6)*(-3 - m).
3
Suppose -7*m = -900 - 2215. List the prime factors of m.
5, 89
Let j(p) = 10*p**3 - p**2 + 6*p + 5. Let x be j(-2). What are the prime factors of ((-29)/2)/((x/14)/13)?
29
Suppose -f + 479 = -42. List the prime factors of f.
521
Let f(b) = 7*b**2 - 6*b - 3. Let w be f(-2). Suppose -5*i + 207 = -258. Let m = i - w. What are the prime factors of m?
2, 7
Suppose 0 = -4*g + 4*a + 8, 4*a = 1 - 5. Let s = 46 + g. Suppose 0 = 3*n - 28 - s. What are the prime factors of n?
5
Let n = 413 + -446. Suppose -2*s + 2*r = 118, 5*s + 2*r = -2*r - 277. Let k = n - s. List the prime factors of k.
2, 3
Suppose 2*k + s + 11 = 0, -2 = k + 3*s + 6. Let w(u) = 11*u**2 - 12*u + 11. Let x be w(1). What are the prime factors of ((-44)/x)/(1/k)?
2, 11
Let c(z) = 21*z**3 + 14*z**2 - 5*z + 9. List the prime factors of c(4).
3, 173
Suppose -7*y - 8 = -9*y. Let l be y/(-12)*(-2 + -46). Suppose 2*o - o - l = 0. List the prime factors of o.
2
Let r(o) = -o**2 + 15*o - 4. Let u = -11 + 7. Let w(h) = -3*h + 2. Let p be w(u). List the prime factors of r(p).
2, 5
Let b = -551 - -922. List the prime factors of b.
7, 53
Let n(j) = -j**2 - 16*j - 13. Let u be n(-14). Suppose -4*r + 5*i + 5 = 17, u = -5*r - 4*i. List the prime factors of (84/9)/(r/(-9)).
2, 7
Let d be 200 + -2 + (-4 - -4). List the prime factors of 6 + -1 - (-3 - d).
2, 103
Suppose 5906 = 30*c - 15274. List the prime factors of c.
2, 353
Let q = 27 + -22. Suppose 0 = -q*c - 15, 7*g - 2*g = -5*c + 285. List the prime factors of g.
2, 3, 5
Suppose 4*g = 8*g + v - 345, -264 = -3*g + v. Let c be 25/100 - g/(-4). Suppose -z + 97 = c. List the prime factors of z.
3, 5
Let w = -351 + 636. Suppose 4*n - 3*y = 412, 0 = 5*n - y - w - 219. List the prime factors of n.
2, 5
Let i(v) = 3*v**2 + 5*v - 7. Let s be (-39)/(-26)*1/((-3)/16). What are the prime factors of i(s)?
5, 29
Let c = -21 - -25. Suppose 2*m + c*l + 155 = 5*m, 4*m + 3*l = 190. What are the prime factors of m?
7
Suppose 2*u + 2*p - 14 = 5*u, -2*u + 3*p = 1. Let w(b) be the second derivative of -b**3 - 19*b**2/2 - 2*b. What are the prime factors of w(u)?
29
Suppose q - 4 = 4*d - 2*d, -5*d = q - 18. List the prime factors of q/(-2 - 2) - -74.
2, 3
Suppose 0 = 4*u - 20, -3*v - u = v - 13. What are the prime factors of 3*-62*v/(-6)?
2, 31
Let l(m) = -m**2 - 9*m - 3. Let c be l(-8). Suppose -s + c*s = 580. What are the prime factors of s?
5, 29
Let t(i) = 119*i**2 - 15*i - 8. What are the prime factors of t(-4)?
2, 3, 163
Suppose 10*m = 112 - 12. Suppose -4*j + 2*b + m + 74 = 0, -5*j - 3*b + 83 = 0. What are the prime factors of j?
19
Let p be (-1)/(4 + 52/(-12)). Suppose -15 = p*i, 2*i + 8 = n + i. Suppose 4*c = -5*y + 115, 20 = c + n*y - 0. List the prime factors of c.
5, 7
Suppose k + 2*s - 218 = 5*s, -s - 224 = -k. List the prime factors of